{"id":659,"date":"2020-01-21T15:00:47","date_gmt":"2020-01-21T14:00:47","guid":{"rendered":"https:\/\/lescrd.org\/?page_id=659"},"modified":"2020-01-21T15:02:06","modified_gmt":"2020-01-21T14:02:06","slug":"les-valeurs-de-la-republique-francaise","status":"publish","type":"page","link":"https:\/\/lescrd.org\/index.php\/les-valeurs-de-la-republique-francaise\/","title":{"rendered":"Les valeurs de la r\u00e9publique Fran\u00e7aise"},"content":{"rendered":"\n<p>\u201c<strong>La R\u00e9publique est : <\/strong>indivisible, la\u00efque, d\u00e9mocratique et sociale.&nbsp;<\/p>\n\n\n\n<p><strong>Elle a une devise <\/strong>:&nbsp;  <\/p>\n\n\n\n<p>\u00ab\u00a0Libert\u00e9 (Pouvoir faire tout ce qui ne nuit pas \u00e0 autrui.), <\/p>\n\n\n\n<p>\u00c9galit\u00e9 (Absence de toute discrimination sur le plan des droits), <\/p>\n\n\n\n<p>Fraternit\u00e9 &nbsp;(L&rsquo;amour universel qui unit tous les membres de la famille humaine).<\/p>\n\n\n\n<p><strong>Et un principe <\/strong>: \u00ab\u00a0Le gouvernement du peuple, par le peuple et pour le peuple.\u00a0\u00bb <br><\/p>\n\n\n\n<p>Source : <a href=\"https:\/\/www.education.gouv.fr\/cid106158\/les-valeurs-de-la-republique-a-l-ecole.html\" target=\"_blank\" rel=\"noreferrer noopener\">https:\/\/www.education.gouv.fr<\/a> qui renvoi vers <a href=\"http:\/\/www.reseau-canope.fr\" target=\"_blank\" rel=\"noreferrer noopener\">www.reseau-canope.fr<\/a> pour le d\u00e9tail dans les parenth\u00e8ses<\/p>\n","protected":false},"excerpt":{"rendered":"<p>\u201cLa R\u00e9publique est : indivisible, la\u00efque, d\u00e9mocratique et sociale.&nbsp; Elle a une devise :&nbsp; \u00ab\u00a0Libert\u00e9 (Pouvoir faire tout ce qui ne nuit pas \u00e0 autrui.), \u00c9galit\u00e9 (Absence de toute discrimination sur le plan des droits), Fraternit\u00e9 &nbsp;(L&rsquo;amour universel qui unit tous les membres de la famille humaine). Et un principe : \u00ab\u00a0Le gouvernement du peuple, [&hellip;]<\/p>\n","protected":false},"author":1,"featured_media":0,"parent":0,"menu_order":0,"comment_status":"closed","ping_status":"closed","template":"","meta":{"footnotes":""},"_links":{"self":[{"href":"https:\/\/lescrd.org\/index.php\/wp-json\/wp\/v2\/pages\/659"}],"collection":[{"href":"https:\/\/lescrd.org\/index.php\/wp-json\/wp\/v2\/pages"}],"about":[{"href":"https:\/\/lescrd.org\/index.php\/wp-json\/wp\/v2\/types\/page"}],"author":[{"embeddable":true,"href":"https:\/\/lescrd.org\/index.php\/wp-json\/wp\/v2\/users\/1"}],"replies":[{"embeddable":true,"href":"https:\/\/lescrd.org\/index.php\/wp-json\/wp\/v2\/comments?post=659"}],"version-history":[{"count":2,"href":"https:\/\/lescrd.org\/index.php\/wp-json\/wp\/v2\/pages\/659\/revisions"}],"predecessor-version":[{"id":661,"href":"https:\/\/lescrd.org\/index.php\/wp-json\/wp\/v2\/pages\/659\/revisions\/661"}],"wp:attachment":[{"href":"https:\/\/lescrd.org\/index.php\/wp-json\/wp\/v2\/media?parent=659"}],"curies":[{"name":"wp","href":"https:\/\/api.w.org\/{rel}","templated":true}]}}